{"id":383,"date":"2026-03-12T11:40:31","date_gmt":"2026-03-12T11:40:31","guid":{"rendered":"https:\/\/ems-electronic.com\/?page_id=383"},"modified":"2026-04-17T07:47:38","modified_gmt":"2026-04-17T07:47:38","slug":"standardele-noastre-de-calitate","status":"publish","type":"page","link":"https:\/\/ems-electronic.com\/?page_id=383&lang=ro","title":{"rendered":"Standardele noastre de calitate"},"content":{"rendered":"\t\t<div data-elementor-type=\"wp-page\" data-elementor-id=\"383\" class=\"elementor elementor-383\">\n\t\t\t\t<div class=\"elementor-element elementor-element-dcffb2f e-flex e-con-boxed e-con e-parent\" data-id=\"dcffb2f\" data-element_type=\"container\" data-e-type=\"container\">\n\t\t\t\t\t<div class=\"e-con-inner\">\n\t\t\t\t<div class=\"elementor-element elementor-element-39aa2c6 elementor-widget elementor-widget-heading\" data-id=\"39aa2c6\" data-element_type=\"widget\" data-e-type=\"widget\" data-widget_type=\"heading.default\">\n\t\t\t\t<div class=\"elementor-widget-container\">\n\t\t\t\t\t<h2 class=\"elementor-heading-title elementor-size-default\">Standardele noastre de calitate<\/h2>\t\t\t\t<\/div>\n\t\t\t\t<\/div>\n\t\t\t\t<div class=\"elementor-element elementor-element-b474ecf elementor-widget elementor-widget-spacer\" data-id=\"b474ecf\" data-element_type=\"widget\" data-e-type=\"widget\" data-widget_type=\"spacer.default\">\n\t\t\t\t<div class=\"elementor-widget-container\">\n\t\t\t\t\t\t\t<div class=\"elementor-spacer\">\n\t\t\t<div class=\"elementor-spacer-inner\"><\/div>\n\t\t<\/div>\n\t\t\t\t\t\t<\/div>\n\t\t\t\t<\/div>\n\t\t<div class=\"elementor-element elementor-element-718a5e5 e-grid e-con-boxed e-con e-child\" data-id=\"718a5e5\" data-element_type=\"container\" data-e-type=\"container\">\n\t\t\t\t\t<div class=\"e-con-inner\">\n\t\t<div class=\"elementor-element elementor-element-5a57f7f e-con-full e-flex e-con e-child\" data-id=\"5a57f7f\" data-element_type=\"container\" data-e-type=\"container\">\n\t\t\t\t<div class=\"elementor-element elementor-element-c377833 elementor-widget elementor-widget-text-editor\" data-id=\"c377833\" data-element_type=\"widget\" data-e-type=\"widget\" data-widget_type=\"text-editor.default\">\n\t\t\t\t<div class=\"elementor-widget-container\">\n\t\t\t\t\t\t\t\t\t<p>EMS Electronic Metering Systems s.r.l. respect\u0103 cu stricte\u021be sistemul de management al calit\u0103\u021bii ISO 9001 \u0219i integreaz\u0103 certific\u0103ri UE, standarde tehnice UE \u0219i standarde UE de siguran\u021b\u0103 a apei potabile \u00een fiecare etap\u0103 de produc\u021bie. Prin procesele noastre de fabrica\u021bie certificate, ne asigur\u0103m c\u0103 livr\u0103m \u00een mod constant clien\u021bilor no\u0219tri dispozitive de m\u0103surare, dispozitive de alocare a costurilor \u0219i echipamente de citire la distan\u021b\u0103 sigure, conforme \u0219i fiabile.<\/p>\t\t\t\t\t\t\t\t<\/div>\n\t\t\t\t<\/div>\n\t\t\t\t<div class=\"elementor-element elementor-element-09b04c9 elementor-widget elementor-widget-heading\" data-id=\"09b04c9\" data-element_type=\"widget\" data-e-type=\"widget\" data-widget_type=\"heading.default\">\n\t\t\t\t<div class=\"elementor-widget-container\">\n\t\t\t\t\t<h3 class=\"elementor-heading-title elementor-size-default\">Proiectarea optim\u0103 a dispozitivelor de m\u0103surare \u0219i alocare pentru energie, \u00eenc\u0103lzire, r\u0103cire \u0219i ap\u0103<\/h3>\t\t\t\t<\/div>\n\t\t\t\t<\/div>\n\t\t\t\t<div class=\"elementor-element elementor-element-93b7a41 elementor-widget elementor-widget-text-editor\" data-id=\"93b7a41\" data-element_type=\"widget\" data-e-type=\"widget\" data-widget_type=\"text-editor.default\">\n\t\t\t\t<div class=\"elementor-widget-container\">\n\t\t\t\t\t\t\t\t\t<p>Dispozitivele noastre de m\u0103surare \u0219i alocare sunt rezultatul unei cercet\u0103ri \u0219i optimiz\u0103ri meticuloase, garant\u00e2nd m\u0103sur\u0103tori precise \u00eentr-o gam\u0103 larg\u0103 de aplica\u021bii. Echipa noastr\u0103 experimentat\u0103 de dezvoltare EMS inoveaz\u0103 continuu pentru a satisface cerin\u021bele pie\u021bei \u00een continu\u0103 evolu\u021bie.<\/p>\t\t\t\t\t\t\t\t<\/div>\n\t\t\t\t<\/div>\n\t\t\t\t<div class=\"elementor-element elementor-element-9da6177 elementor-widget elementor-widget-heading\" data-id=\"9da6177\" data-element_type=\"widget\" data-e-type=\"widget\" data-widget_type=\"heading.default\">\n\t\t\t\t<div class=\"elementor-widget-container\">\n\t\t\t\t\t<h3 class=\"elementor-heading-title elementor-size-default\">Selec\u021bie strict\u0103 a materialelor<\/h3>\t\t\t\t<\/div>\n\t\t\t\t<\/div>\n\t\t\t\t<div class=\"elementor-element elementor-element-8831f46 elementor-widget elementor-widget-text-editor\" data-id=\"8831f46\" data-element_type=\"widget\" data-e-type=\"widget\" data-widget_type=\"text-editor.default\">\n\t\t\t\t<div class=\"elementor-widget-container\">\n\t\t\t\t\t\t\t\t\t<p>La EMS Electronic Metering Systems s.r.l., acord\u0103m o aten\u021bie deosebit\u0103 materialelor pe care le folosim. Prioritatea noastr\u0103 este s\u0103 ne asigur\u0103m c\u0103 materialele pe care le folosim sunt nu numai robuste \u0219i durabile, ci \u0219i rezistente la coroziune. Select\u0103m doar materiale care \u00eendeplinesc standardele interna\u021bionale \u0219i europene pentru a ne asigura c\u0103 dispozitivele noastre de m\u0103surare \u0219i distribu\u021bie \u00ee\u0219i men\u021bin performan\u021bele remarcabile timp de mul\u021bi ani.<\/p>\t\t\t\t\t\t\t\t<\/div>\n\t\t\t\t<\/div>\n\t\t\t\t<div class=\"elementor-element elementor-element-eb805d3 elementor-widget elementor-widget-heading\" data-id=\"eb805d3\" data-element_type=\"widget\" data-e-type=\"widget\" data-widget_type=\"heading.default\">\n\t\t\t\t<div class=\"elementor-widget-container\">\n\t\t\t\t\t<h3 class=\"elementor-heading-title elementor-size-default\">Proces de produc\u021bie strict<\/h3>\t\t\t\t<\/div>\n\t\t\t\t<\/div>\n\t\t\t\t<div class=\"elementor-element elementor-element-1336db3 elementor-widget elementor-widget-text-editor\" data-id=\"1336db3\" data-element_type=\"widget\" data-e-type=\"widget\" data-widget_type=\"text-editor.default\">\n\t\t\t\t<div class=\"elementor-widget-container\">\n\t\t\t\t\t\t\t\t\t<p>Procesul nostru de fabrica\u021bie respect\u0103 cu stricte\u021be standardele ISO de management al calit\u0103\u021bii. Fiecare dispozitiv de m\u0103surare \u0219i distribu\u021bie pe care \u00eel producem este supus mai multor inspec\u021bii \u0219i teste pentru a garanta cele mai \u00eenalte niveluri de performan\u021b\u0103 \u0219i precizie. Acela\u0219i lucru este valabil \u0219i pentru toate sistemele noastre de transmisie a datelor de consum la distan\u021b\u0103, wireless \u0219i cu fir.<\/p>\t\t\t\t\t\t\t\t<\/div>\n\t\t\t\t<\/div>\n\t\t\t\t<\/div>\n\t\t<div class=\"elementor-element elementor-element-5b37e47 e-con-full e-flex e-con e-child\" data-id=\"5b37e47\" data-element_type=\"container\" data-e-type=\"container\">\n\t\t\t\t<div class=\"elementor-element elementor-element-b2a92c8 elementor-widget elementor-widget-image\" data-id=\"b2a92c8\" data-element_type=\"widget\" data-e-type=\"widget\" data-widget_type=\"image.default\">\n\t\t\t\t<div class=\"elementor-widget-container\">\n\t\t\t\t\t\t\t\t\t\t\t\t\t\t\t<img fetchpriority=\"high\" decoding=\"async\" width=\"1024\" height=\"1024\" src=\"https:\/\/ems-electronic.com\/wp-content\/uploads\/2026\/04\/ROM-STRIKTER-PRODUKTIONSABLAUF-GEMAeSS-ISO-9001-BILD-1024x1024.jpg\" class=\"attachment-large size-large wp-image-1128\" alt=\"\" srcset=\"https:\/\/ems-electronic.com\/wp-content\/uploads\/2026\/04\/ROM-STRIKTER-PRODUKTIONSABLAUF-GEMAeSS-ISO-9001-BILD-1024x1024.jpg 1024w, https:\/\/ems-electronic.com\/wp-content\/uploads\/2026\/04\/ROM-STRIKTER-PRODUKTIONSABLAUF-GEMAeSS-ISO-9001-BILD-300x300.jpg 300w, https:\/\/ems-electronic.com\/wp-content\/uploads\/2026\/04\/ROM-STRIKTER-PRODUKTIONSABLAUF-GEMAeSS-ISO-9001-BILD-150x150.jpg 150w, https:\/\/ems-electronic.com\/wp-content\/uploads\/2026\/04\/ROM-STRIKTER-PRODUKTIONSABLAUF-GEMAeSS-ISO-9001-BILD-768x768.jpg 768w, https:\/\/ems-electronic.com\/wp-content\/uploads\/2026\/04\/ROM-STRIKTER-PRODUKTIONSABLAUF-GEMAeSS-ISO-9001-BILD-1536x1536.jpg 1536w, https:\/\/ems-electronic.com\/wp-content\/uploads\/2026\/04\/ROM-STRIKTER-PRODUKTIONSABLAUF-GEMAeSS-ISO-9001-BILD-2048x2048.jpg 2048w, https:\/\/ems-electronic.com\/wp-content\/uploads\/2026\/04\/ROM-STRIKTER-PRODUKTIONSABLAUF-GEMAeSS-ISO-9001-BILD-600x600.jpg 600w\" sizes=\"(max-width: 1024px) 100vw, 1024px\" \/>\t\t\t\t\t\t\t\t\t\t\t\t\t\t\t<\/div>\n\t\t\t\t<\/div>\n\t\t\t\t<div class=\"elementor-element elementor-element-1595641 elementor-widget elementor-widget-image\" data-id=\"1595641\" data-element_type=\"widget\" data-e-type=\"widget\" data-widget_type=\"image.default\">\n\t\t\t\t<div class=\"elementor-widget-container\">\n\t\t\t\t\t\t\t\t\t\t\t\t\t\t\t<img decoding=\"async\" width=\"846\" height=\"1024\" src=\"https:\/\/ems-electronic.com\/wp-content\/uploads\/2026\/04\/RO-BILD-Strenge-Materialauswahl-und-rigorose-846x1024.jpg\" class=\"attachment-large size-large wp-image-1217\" alt=\"\" srcset=\"https:\/\/ems-electronic.com\/wp-content\/uploads\/2026\/04\/RO-BILD-Strenge-Materialauswahl-und-rigorose-846x1024.jpg 846w, https:\/\/ems-electronic.com\/wp-content\/uploads\/2026\/04\/RO-BILD-Strenge-Materialauswahl-und-rigorose-248x300.jpg 248w, https:\/\/ems-electronic.com\/wp-content\/uploads\/2026\/04\/RO-BILD-Strenge-Materialauswahl-und-rigorose-768x929.jpg 768w, https:\/\/ems-electronic.com\/wp-content\/uploads\/2026\/04\/RO-BILD-Strenge-Materialauswahl-und-rigorose-1270x1536.jpg 1270w, https:\/\/ems-electronic.com\/wp-content\/uploads\/2026\/04\/RO-BILD-Strenge-Materialauswahl-und-rigorose-1693x2048.jpg 1693w\" sizes=\"(max-width: 846px) 100vw, 846px\" \/>\t\t\t\t\t\t\t\t\t\t\t\t\t\t\t<\/div>\n\t\t\t\t<\/div>\n\t\t\t\t<\/div>\n\t\t\t\t\t<\/div>\n\t\t\t\t<\/div>\n\t\t\t\t\t<\/div>\n\t\t\t\t<\/div>\n\t\t\t\t<\/div>\n\t\t","protected":false},"excerpt":{"rendered":"<p>Standardele noastre de calitate EMS Electronic Metering Systems s.r.l. respect\u0103 cu stricte\u021be sistemul de management al calit\u0103\u021bii ISO 9001 \u0219i integreaz\u0103 certific\u0103ri UE, standarde tehnice UE \u0219i standarde UE de siguran\u021b\u0103 a apei potabile \u00een fiecare etap\u0103 de produc\u021bie. Prin procesele noastre de fabrica\u021bie certificate, ne asigur\u0103m c\u0103 livr\u0103m \u00een mod constant clien\u021bilor no\u0219tri dispozitive [&hellip;]<\/p>\n","protected":false},"author":1,"featured_media":0,"parent":0,"menu_order":0,"comment_status":"closed","ping_status":"closed","template":"","meta":{"ocean_post_layout":"","ocean_both_sidebars_style":"","ocean_both_sidebars_content_width":0,"ocean_both_sidebars_sidebars_width":0,"ocean_sidebar":"","ocean_second_sidebar":"","ocean_disable_margins":"enable","ocean_add_body_class":"","ocean_shortcode_before_top_bar":"","ocean_shortcode_after_top_bar":"","ocean_shortcode_before_header":"","ocean_shortcode_after_header":"","ocean_has_shortcode":"","ocean_shortcode_after_title":"","ocean_shortcode_before_footer_widgets":"","ocean_shortcode_after_footer_widgets":"","ocean_shortcode_before_footer_bottom":"","ocean_shortcode_after_footer_bottom":"","ocean_display_top_bar":"default","ocean_display_header":"default","ocean_header_style":"","ocean_center_header_left_menu":"","ocean_custom_header_template":"","ocean_custom_logo":0,"ocean_custom_retina_logo":0,"ocean_custom_logo_max_width":0,"ocean_custom_logo_tablet_max_width":0,"ocean_custom_logo_mobile_max_width":0,"ocean_custom_logo_max_height":0,"ocean_custom_logo_tablet_max_height":0,"ocean_custom_logo_mobile_max_height":0,"ocean_header_custom_menu":"","ocean_menu_typo_font_family":"","ocean_menu_typo_font_subset":"","ocean_menu_typo_font_size":0,"ocean_menu_typo_font_size_tablet":0,"ocean_menu_typo_font_size_mobile":0,"ocean_menu_typo_font_size_unit":"px","ocean_menu_typo_font_weight":"","ocean_menu_typo_font_weight_tablet":"","ocean_menu_typo_font_weight_mobile":"","ocean_menu_typo_transform":"","ocean_menu_typo_transform_tablet":"","ocean_menu_typo_transform_mobile":"","ocean_menu_typo_line_height":0,"ocean_menu_typo_line_height_tablet":0,"ocean_menu_typo_line_height_mobile":0,"ocean_menu_typo_line_height_unit":"","ocean_menu_typo_spacing":0,"ocean_menu_typo_spacing_tablet":0,"ocean_menu_typo_spacing_mobile":0,"ocean_menu_typo_spacing_unit":"","ocean_menu_link_color":"","ocean_menu_link_color_hover":"","ocean_menu_link_color_active":"","ocean_menu_link_background":"","ocean_menu_link_hover_background":"","ocean_menu_link_active_background":"","ocean_menu_social_links_bg":"","ocean_menu_social_hover_links_bg":"","ocean_menu_social_links_color":"","ocean_menu_social_hover_links_color":"","ocean_disable_title":"default","ocean_disable_heading":"default","ocean_post_title":"","ocean_post_subheading":"","ocean_post_title_style":"","ocean_post_title_background_color":"","ocean_post_title_background":0,"ocean_post_title_bg_image_position":"","ocean_post_title_bg_image_attachment":"","ocean_post_title_bg_image_repeat":"","ocean_post_title_bg_image_size":"","ocean_post_title_height":0,"ocean_post_title_bg_overlay":0.5,"ocean_post_title_bg_overlay_color":"","ocean_disable_breadcrumbs":"default","ocean_breadcrumbs_color":"","ocean_breadcrumbs_separator_color":"","ocean_breadcrumbs_links_color":"","ocean_breadcrumbs_links_hover_color":"","ocean_display_footer_widgets":"default","ocean_display_footer_bottom":"default","ocean_custom_footer_template":"","footnotes":""},"class_list":["post-383","page","type-page","status-publish","hentry","entry"],"yoast_head":"<!-- This site is optimized with the Yoast SEO plugin v24.9 - https:\/\/yoast.com\/wordpress\/plugins\/seo\/ -->\n<title>Standardele noastre de calitate - EMS Electronic Metering Systems<\/title>\n<meta name=\"robots\" content=\"index, follow, max-snippet:-1, max-image-preview:large, max-video-preview:-1\" \/>\n<link rel=\"canonical\" href=\"https:\/\/ems-electronic.com\/?page_id=383&lang=ro\" \/>\n<meta property=\"og:locale\" content=\"de_DE\" \/>\n<meta property=\"og:type\" content=\"article\" \/>\n<meta property=\"og:title\" content=\"Standardele noastre de calitate - EMS Electronic Metering Systems\" \/>\n<meta property=\"og:description\" content=\"Standardele noastre de calitate EMS Electronic Metering Systems s.r.l. respect\u0103 cu stricte\u021be sistemul de management al calit\u0103\u021bii ISO 9001 \u0219i integreaz\u0103 certific\u0103ri UE, standarde tehnice UE \u0219i standarde UE de siguran\u021b\u0103 a apei potabile \u00een fiecare etap\u0103 de produc\u021bie. Prin procesele noastre de fabrica\u021bie certificate, ne asigur\u0103m c\u0103 livr\u0103m \u00een mod constant clien\u021bilor no\u0219tri dispozitive [&hellip;]\" \/>\n<meta property=\"og:url\" content=\"https:\/\/ems-electronic.com\/?page_id=383&amp;lang=ro\" \/>\n<meta property=\"og:site_name\" content=\"EMS Electronic Metering Systems\" \/>\n<meta property=\"article:modified_time\" content=\"2026-04-17T07:47:38+00:00\" \/>\n<meta property=\"og:image\" content=\"https:\/\/ems-electronic.com\/wp-content\/uploads\/2026\/04\/ROM-STRIKTER-PRODUKTIONSABLAUF-GEMAeSS-ISO-9001-BILD-scaled.jpg\" \/>\n\t<meta property=\"og:image:width\" content=\"2560\" \/>\n\t<meta property=\"og:image:height\" content=\"2560\" \/>\n\t<meta property=\"og:image:type\" content=\"image\/jpeg\" \/>\n<meta name=\"twitter:card\" content=\"summary_large_image\" \/>\n<meta name=\"twitter:label1\" content=\"Gesch\u00e4tzte Lesezeit\" \/>\n\t<meta name=\"twitter:data1\" content=\"2\u00a0Minuten\" \/>\n<script type=\"application\/ld+json\" class=\"yoast-schema-graph\">{\"@context\":\"https:\/\/schema.org\",\"@graph\":[{\"@type\":\"WebPage\",\"@id\":\"https:\/\/ems-electronic.com\/?page_id=383&lang=ro\",\"url\":\"https:\/\/ems-electronic.com\/?page_id=383&lang=ro\",\"name\":\"Standardele noastre de calitate - EMS Electronic Metering Systems\",\"isPartOf\":{\"@id\":\"https:\/\/ems-electronic.com\/#website\"},\"primaryImageOfPage\":{\"@id\":\"https:\/\/ems-electronic.com\/?page_id=383&lang=ro#primaryimage\"},\"image\":{\"@id\":\"https:\/\/ems-electronic.com\/?page_id=383&lang=ro#primaryimage\"},\"thumbnailUrl\":\"https:\/\/ems-electronic.com\/wp-content\/uploads\/2026\/04\/ROM-STRIKTER-PRODUKTIONSABLAUF-GEMAeSS-ISO-9001-BILD-1024x1024.jpg\",\"datePublished\":\"2026-03-12T11:40:31+00:00\",\"dateModified\":\"2026-04-17T07:47:38+00:00\",\"breadcrumb\":{\"@id\":\"https:\/\/ems-electronic.com\/?page_id=383&lang=ro#breadcrumb\"},\"inLanguage\":\"de\",\"potentialAction\":[{\"@type\":\"ReadAction\",\"target\":[\"https:\/\/ems-electronic.com\/?page_id=383&lang=ro\"]}]},{\"@type\":\"ImageObject\",\"inLanguage\":\"de\",\"@id\":\"https:\/\/ems-electronic.com\/?page_id=383&lang=ro#primaryimage\",\"url\":\"https:\/\/ems-electronic.com\/wp-content\/uploads\/2026\/04\/ROM-STRIKTER-PRODUKTIONSABLAUF-GEMAeSS-ISO-9001-BILD-scaled.jpg\",\"contentUrl\":\"https:\/\/ems-electronic.com\/wp-content\/uploads\/2026\/04\/ROM-STRIKTER-PRODUKTIONSABLAUF-GEMAeSS-ISO-9001-BILD-scaled.jpg\",\"width\":2560,\"height\":2560},{\"@type\":\"BreadcrumbList\",\"@id\":\"https:\/\/ems-electronic.com\/?page_id=383&lang=ro#breadcrumb\",\"itemListElement\":[{\"@type\":\"ListItem\",\"position\":1,\"name\":\"Startseite\",\"item\":\"https:\/\/ems-electronic.com\/?page_id=37&lang=de\"},{\"@type\":\"ListItem\",\"position\":2,\"name\":\"Standardele noastre de calitate\"}]},{\"@type\":\"WebSite\",\"@id\":\"https:\/\/ems-electronic.com\/#website\",\"url\":\"https:\/\/ems-electronic.com\/\",\"name\":\"EMS Electronic Metering Systems\",\"description\":\"Precision electronic component manufacturing tailored to your specifications \u2013 from small-series production to reliable contract assembly, certified according to ISO 9001 and backed by the Messtechnik Group\",\"publisher\":{\"@id\":\"https:\/\/ems-electronic.com\/#organization\"},\"alternateName\":\"Precision electronic component manufacturing tailored to your specifications \u2013 from small-series production to reliable contract assembly, certified according to ISO 9001 and backed by the Messtechnik Group\",\"potentialAction\":[{\"@type\":\"SearchAction\",\"target\":{\"@type\":\"EntryPoint\",\"urlTemplate\":\"https:\/\/ems-electronic.com\/?s={search_term_string}\"},\"query-input\":{\"@type\":\"PropertyValueSpecification\",\"valueRequired\":true,\"valueName\":\"search_term_string\"}}],\"inLanguage\":\"de\"},{\"@type\":\"Organization\",\"@id\":\"https:\/\/ems-electronic.com\/#organization\",\"name\":\"EMS Electronic Metering Systems s.r.l.\",\"url\":\"https:\/\/ems-electronic.com\/\",\"logo\":{\"@type\":\"ImageObject\",\"inLanguage\":\"de\",\"@id\":\"https:\/\/ems-electronic.com\/#\/schema\/logo\/image\/\",\"url\":\"https:\/\/ems-electronic.com\/wp-content\/uploads\/2024\/06\/cropped-cropped-EMS_quadrat_web.jpg\",\"contentUrl\":\"https:\/\/ems-electronic.com\/wp-content\/uploads\/2024\/06\/cropped-cropped-EMS_quadrat_web.jpg\",\"width\":512,\"height\":173,\"caption\":\"EMS Electronic Metering Systems s.r.l.\"},\"image\":{\"@id\":\"https:\/\/ems-electronic.com\/#\/schema\/logo\/image\/\"}}]}<\/script>\n<!-- \/ Yoast SEO plugin. -->","yoast_head_json":{"title":"Standardele noastre de calitate - EMS Electronic Metering Systems","robots":{"index":"index","follow":"follow","max-snippet":"max-snippet:-1","max-image-preview":"max-image-preview:large","max-video-preview":"max-video-preview:-1"},"canonical":"https:\/\/ems-electronic.com\/?page_id=383&lang=ro","og_locale":"de_DE","og_type":"article","og_title":"Standardele noastre de calitate - EMS Electronic Metering Systems","og_description":"Standardele noastre de calitate EMS Electronic Metering Systems s.r.l. respect\u0103 cu stricte\u021be sistemul de management al calit\u0103\u021bii ISO 9001 \u0219i integreaz\u0103 certific\u0103ri UE, standarde tehnice UE \u0219i standarde UE de siguran\u021b\u0103 a apei potabile \u00een fiecare etap\u0103 de produc\u021bie. Prin procesele noastre de fabrica\u021bie certificate, ne asigur\u0103m c\u0103 livr\u0103m \u00een mod constant clien\u021bilor no\u0219tri dispozitive [&hellip;]","og_url":"https:\/\/ems-electronic.com\/?page_id=383&lang=ro","og_site_name":"EMS Electronic Metering Systems","article_modified_time":"2026-04-17T07:47:38+00:00","og_image":[{"width":2560,"height":2560,"url":"https:\/\/ems-electronic.com\/wp-content\/uploads\/2026\/04\/ROM-STRIKTER-PRODUKTIONSABLAUF-GEMAeSS-ISO-9001-BILD-scaled.jpg","type":"image\/jpeg"}],"twitter_card":"summary_large_image","twitter_misc":{"Gesch\u00e4tzte Lesezeit":"2\u00a0Minuten"},"schema":{"@context":"https:\/\/schema.org","@graph":[{"@type":"WebPage","@id":"https:\/\/ems-electronic.com\/?page_id=383&lang=ro","url":"https:\/\/ems-electronic.com\/?page_id=383&lang=ro","name":"Standardele noastre de calitate - EMS Electronic Metering Systems","isPartOf":{"@id":"https:\/\/ems-electronic.com\/#website"},"primaryImageOfPage":{"@id":"https:\/\/ems-electronic.com\/?page_id=383&lang=ro#primaryimage"},"image":{"@id":"https:\/\/ems-electronic.com\/?page_id=383&lang=ro#primaryimage"},"thumbnailUrl":"https:\/\/ems-electronic.com\/wp-content\/uploads\/2026\/04\/ROM-STRIKTER-PRODUKTIONSABLAUF-GEMAeSS-ISO-9001-BILD-1024x1024.jpg","datePublished":"2026-03-12T11:40:31+00:00","dateModified":"2026-04-17T07:47:38+00:00","breadcrumb":{"@id":"https:\/\/ems-electronic.com\/?page_id=383&lang=ro#breadcrumb"},"inLanguage":"de","potentialAction":[{"@type":"ReadAction","target":["https:\/\/ems-electronic.com\/?page_id=383&lang=ro"]}]},{"@type":"ImageObject","inLanguage":"de","@id":"https:\/\/ems-electronic.com\/?page_id=383&lang=ro#primaryimage","url":"https:\/\/ems-electronic.com\/wp-content\/uploads\/2026\/04\/ROM-STRIKTER-PRODUKTIONSABLAUF-GEMAeSS-ISO-9001-BILD-scaled.jpg","contentUrl":"https:\/\/ems-electronic.com\/wp-content\/uploads\/2026\/04\/ROM-STRIKTER-PRODUKTIONSABLAUF-GEMAeSS-ISO-9001-BILD-scaled.jpg","width":2560,"height":2560},{"@type":"BreadcrumbList","@id":"https:\/\/ems-electronic.com\/?page_id=383&lang=ro#breadcrumb","itemListElement":[{"@type":"ListItem","position":1,"name":"Startseite","item":"https:\/\/ems-electronic.com\/?page_id=37&lang=de"},{"@type":"ListItem","position":2,"name":"Standardele noastre de calitate"}]},{"@type":"WebSite","@id":"https:\/\/ems-electronic.com\/#website","url":"https:\/\/ems-electronic.com\/","name":"EMS Electronic Metering Systems","description":"Precision electronic component manufacturing tailored to your specifications \u2013 from small-series production to reliable contract assembly, certified according to ISO 9001 and backed by the Messtechnik Group","publisher":{"@id":"https:\/\/ems-electronic.com\/#organization"},"alternateName":"Precision electronic component manufacturing tailored to your specifications \u2013 from small-series production to reliable contract assembly, certified according to ISO 9001 and backed by the Messtechnik Group","potentialAction":[{"@type":"SearchAction","target":{"@type":"EntryPoint","urlTemplate":"https:\/\/ems-electronic.com\/?s={search_term_string}"},"query-input":{"@type":"PropertyValueSpecification","valueRequired":true,"valueName":"search_term_string"}}],"inLanguage":"de"},{"@type":"Organization","@id":"https:\/\/ems-electronic.com\/#organization","name":"EMS Electronic Metering Systems s.r.l.","url":"https:\/\/ems-electronic.com\/","logo":{"@type":"ImageObject","inLanguage":"de","@id":"https:\/\/ems-electronic.com\/#\/schema\/logo\/image\/","url":"https:\/\/ems-electronic.com\/wp-content\/uploads\/2024\/06\/cropped-cropped-EMS_quadrat_web.jpg","contentUrl":"https:\/\/ems-electronic.com\/wp-content\/uploads\/2024\/06\/cropped-cropped-EMS_quadrat_web.jpg","width":512,"height":173,"caption":"EMS Electronic Metering Systems s.r.l."},"image":{"@id":"https:\/\/ems-electronic.com\/#\/schema\/logo\/image\/"}}]}},"jetpack_sharing_enabled":true,"_links":{"self":[{"href":"https:\/\/ems-electronic.com\/index.php?rest_route=\/wp\/v2\/pages\/383","targetHints":{"allow":["GET"]}}],"collection":[{"href":"https:\/\/ems-electronic.com\/index.php?rest_route=\/wp\/v2\/pages"}],"about":[{"href":"https:\/\/ems-electronic.com\/index.php?rest_route=\/wp\/v2\/types\/page"}],"author":[{"embeddable":true,"href":"https:\/\/ems-electronic.com\/index.php?rest_route=\/wp\/v2\/users\/1"}],"replies":[{"embeddable":true,"href":"https:\/\/ems-electronic.com\/index.php?rest_route=%2Fwp%2Fv2%2Fcomments&post=383"}],"version-history":[{"count":10,"href":"https:\/\/ems-electronic.com\/index.php?rest_route=\/wp\/v2\/pages\/383\/revisions"}],"predecessor-version":[{"id":1221,"href":"https:\/\/ems-electronic.com\/index.php?rest_route=\/wp\/v2\/pages\/383\/revisions\/1221"}],"wp:attachment":[{"href":"https:\/\/ems-electronic.com\/index.php?rest_route=%2Fwp%2Fv2%2Fmedia&parent=383"}],"curies":[{"name":"wp","href":"https:\/\/api.w.org\/{rel}","templated":true}]}}