{"id":384,"date":"2026-03-12T11:42:57","date_gmt":"2026-03-12T11:42:57","guid":{"rendered":"https:\/\/ems-electronic.com\/?page_id=384"},"modified":"2026-04-17T07:48:27","modified_gmt":"2026-04-17T07:48:27","slug":"nos-normes-de-qualite","status":"publish","type":"page","link":"https:\/\/ems-electronic.com\/?page_id=384&lang=fr","title":{"rendered":"Nos normes de qualit\u00e9"},"content":{"rendered":"\t\t<div data-elementor-type=\"wp-page\" data-elementor-id=\"384\" class=\"elementor elementor-384\">\n\t\t\t\t<div class=\"elementor-element elementor-element-dcffb2f e-flex e-con-boxed e-con e-parent\" data-id=\"dcffb2f\" data-element_type=\"container\" data-e-type=\"container\">\n\t\t\t\t\t<div class=\"e-con-inner\">\n\t\t\t\t<div class=\"elementor-element elementor-element-39aa2c6 elementor-widget elementor-widget-heading\" data-id=\"39aa2c6\" data-element_type=\"widget\" data-e-type=\"widget\" data-widget_type=\"heading.default\">\n\t\t\t\t<div class=\"elementor-widget-container\">\n\t\t\t\t\t<h2 class=\"elementor-heading-title elementor-size-default\">Nos normes de qualit\u00e9 <\/h2>\t\t\t\t<\/div>\n\t\t\t\t<\/div>\n\t\t\t\t<div class=\"elementor-element elementor-element-b474ecf elementor-widget elementor-widget-spacer\" data-id=\"b474ecf\" data-element_type=\"widget\" data-e-type=\"widget\" data-widget_type=\"spacer.default\">\n\t\t\t\t<div class=\"elementor-widget-container\">\n\t\t\t\t\t\t\t<div class=\"elementor-spacer\">\n\t\t\t<div class=\"elementor-spacer-inner\"><\/div>\n\t\t<\/div>\n\t\t\t\t\t\t<\/div>\n\t\t\t\t<\/div>\n\t\t<div class=\"elementor-element elementor-element-991404a e-con-full e-grid e-con e-child\" data-id=\"991404a\" data-element_type=\"container\" data-e-type=\"container\">\n\t\t<div class=\"elementor-element elementor-element-9cf4ebc e-con-full e-flex e-con e-child\" data-id=\"9cf4ebc\" data-element_type=\"container\" data-e-type=\"container\">\n\t\t\t\t<div class=\"elementor-element elementor-element-c377833 elementor-widget elementor-widget-text-editor\" data-id=\"c377833\" data-element_type=\"widget\" data-e-type=\"widget\" data-widget_type=\"text-editor.default\">\n\t\t\t\t<div class=\"elementor-widget-container\">\n\t\t\t\t\t\t\t\t\t<p>EMS Electronic Metering Systems s.r.l. respecte scrupuleusement le syst\u00e8me de management de la qualit\u00e9 ISO 9001 et int\u00e8gre les certifications europ\u00e9ennes, les normes techniques europ\u00e9ennes et les normes de s\u00e9curit\u00e9 de l&#8217;eau potable de l&#8217;UE \u00e0 chaque \u00e9tape de la production. Gr\u00e2ce \u00e0 nos processus de fabrication certifi\u00e9s, nous garantissons \u00e0 nos clients des compteurs, des dispositifs de r\u00e9partition des co\u00fbts et des \u00e9quipements de t\u00e9l\u00e9rel\u00e8ve s\u00fbrs, conformes et fiables.<\/p>\t\t\t\t\t\t\t\t<\/div>\n\t\t\t\t<\/div>\n\t\t\t\t<div class=\"elementor-element elementor-element-09b04c9 elementor-widget elementor-widget-heading\" data-id=\"09b04c9\" data-element_type=\"widget\" data-e-type=\"widget\" data-widget_type=\"heading.default\">\n\t\t\t\t<div class=\"elementor-widget-container\">\n\t\t\t\t\t<h3 class=\"elementor-heading-title elementor-size-default\">Conception optimale des compteurs et des dispositifs de r\u00e9partition pour l'\u00e9nergie, la chaleur, le froid et l'eau<\/h3>\t\t\t\t<\/div>\n\t\t\t\t<\/div>\n\t\t\t\t<div class=\"elementor-element elementor-element-93b7a41 elementor-widget elementor-widget-text-editor\" data-id=\"93b7a41\" data-element_type=\"widget\" data-e-type=\"widget\" data-widget_type=\"text-editor.default\">\n\t\t\t\t<div class=\"elementor-widget-container\">\n\t\t\t\t\t\t\t\t\t<p>Nos compteurs et dispositifs de r\u00e9partition sont le fruit d&#8217;une recherche et d&#8217;une optimisation rigoureuses, garantissant des mesures pr\u00e9cises pour une large gamme d&#8217;applications. Notre \u00e9quipe de d\u00e9veloppement exp\u00e9riment\u00e9e chez EMS innove constamment pour r\u00e9pondre \u00e0 l&#8217;\u00e9volution des besoins du march\u00e9.<\/p>\t\t\t\t\t\t\t\t<\/div>\n\t\t\t\t<\/div>\n\t\t\t\t<div class=\"elementor-element elementor-element-9da6177 elementor-widget elementor-widget-heading\" data-id=\"9da6177\" data-element_type=\"widget\" data-e-type=\"widget\" data-widget_type=\"heading.default\">\n\t\t\t\t<div class=\"elementor-widget-container\">\n\t\t\t\t\t<h3 class=\"elementor-heading-title elementor-size-default\">S\u00e9lection rigoureuse des mat\u00e9riaux<\/h3>\t\t\t\t<\/div>\n\t\t\t\t<\/div>\n\t\t\t\t<div class=\"elementor-element elementor-element-8831f46 elementor-widget elementor-widget-text-editor\" data-id=\"8831f46\" data-element_type=\"widget\" data-e-type=\"widget\" data-widget_type=\"text-editor.default\">\n\t\t\t\t<div class=\"elementor-widget-container\">\n\t\t\t\t\t\t\t\t\t<p>Chez EMS Electronic Metering Systems s.r.l., nous accordons une attention particuli\u00e8re aux mat\u00e9riaux que nous utilisons. Notre priorit\u00e9 est de garantir leur robustesse, leur durabilit\u00e9 et leur r\u00e9sistance \u00e0 la corrosion. Nous s\u00e9lectionnons uniquement des mat\u00e9riaux conformes aux normes internationales et europ\u00e9ennes afin de garantir que nos appareils de mesure et de distribution conservent leurs performances exceptionnelles pendant de nombreuses ann\u00e9es.<\/p>\t\t\t\t\t\t\t\t<\/div>\n\t\t\t\t<\/div>\n\t\t\t\t<div class=\"elementor-element elementor-element-eb805d3 elementor-widget elementor-widget-heading\" data-id=\"eb805d3\" data-element_type=\"widget\" data-e-type=\"widget\" data-widget_type=\"heading.default\">\n\t\t\t\t<div class=\"elementor-widget-container\">\n\t\t\t\t\t<h3 class=\"elementor-heading-title elementor-size-default\">Processus de fabrication rigoureux<\/h3>\t\t\t\t<\/div>\n\t\t\t\t<\/div>\n\t\t\t\t<div class=\"elementor-element elementor-element-1336db3 elementor-widget elementor-widget-text-editor\" data-id=\"1336db3\" data-element_type=\"widget\" data-e-type=\"widget\" data-widget_type=\"text-editor.default\">\n\t\t\t\t<div class=\"elementor-widget-container\">\n\t\t\t\t\t\t\t\t\t<p>Notre processus de fabrication respecte scrupuleusement les normes de gestion de la qualit\u00e9 ISO. Chaque appareil de mesure et de distribution que nous produisons est soumis \u00e0 de multiples inspections et tests afin de garantir des performances et une pr\u00e9cision optimales. Il en va de m\u00eame pour tous nos syst\u00e8mes de transmission de donn\u00e9es \u00e0 distance, sans fil et filaires.<\/p><p>\u00a0<\/p><p>Nos \u00e9quipes de d\u00e9veloppement et de production sont compos\u00e9es d\u2019ing\u00e9nieurs dipl\u00f4m\u00e9s, d\u2019ing\u00e9nieurs, de sp\u00e9cialistes et d\u2019ouvriers qualifi\u00e9s poss\u00e9dant une vaste exp\u00e9rience et une expertise pointue en m\u00e9trologie, \u00e9lectronique, m\u00e9canique, m\u00e9catronique et technologies de fabrication.<\/p>\t\t\t\t\t\t\t\t<\/div>\n\t\t\t\t<\/div>\n\t\t\t\t<\/div>\n\t\t<div class=\"elementor-element elementor-element-f12e7ce e-con-full e-flex e-con e-child\" data-id=\"f12e7ce\" data-element_type=\"container\" data-e-type=\"container\">\n\t\t\t\t<div class=\"elementor-element elementor-element-b331623 elementor-widget elementor-widget-image\" data-id=\"b331623\" data-element_type=\"widget\" data-e-type=\"widget\" data-widget_type=\"image.default\">\n\t\t\t\t<div class=\"elementor-widget-container\">\n\t\t\t\t\t\t\t\t\t\t\t\t\t\t\t<img fetchpriority=\"high\" decoding=\"async\" width=\"1024\" height=\"1024\" src=\"https:\/\/ems-electronic.com\/wp-content\/uploads\/2026\/04\/FRANZ-STRIKTER-PRODUKTIONSABLAUF-GEMAeSS-ISO-9001-BILD-1024x1024.jpg\" class=\"attachment-large size-large wp-image-1138\" alt=\"\" srcset=\"https:\/\/ems-electronic.com\/wp-content\/uploads\/2026\/04\/FRANZ-STRIKTER-PRODUKTIONSABLAUF-GEMAeSS-ISO-9001-BILD-1024x1024.jpg 1024w, https:\/\/ems-electronic.com\/wp-content\/uploads\/2026\/04\/FRANZ-STRIKTER-PRODUKTIONSABLAUF-GEMAeSS-ISO-9001-BILD-300x300.jpg 300w, https:\/\/ems-electronic.com\/wp-content\/uploads\/2026\/04\/FRANZ-STRIKTER-PRODUKTIONSABLAUF-GEMAeSS-ISO-9001-BILD-150x150.jpg 150w, https:\/\/ems-electronic.com\/wp-content\/uploads\/2026\/04\/FRANZ-STRIKTER-PRODUKTIONSABLAUF-GEMAeSS-ISO-9001-BILD-768x768.jpg 768w, https:\/\/ems-electronic.com\/wp-content\/uploads\/2026\/04\/FRANZ-STRIKTER-PRODUKTIONSABLAUF-GEMAeSS-ISO-9001-BILD-1536x1536.jpg 1536w, https:\/\/ems-electronic.com\/wp-content\/uploads\/2026\/04\/FRANZ-STRIKTER-PRODUKTIONSABLAUF-GEMAeSS-ISO-9001-BILD-2048x2048.jpg 2048w, https:\/\/ems-electronic.com\/wp-content\/uploads\/2026\/04\/FRANZ-STRIKTER-PRODUKTIONSABLAUF-GEMAeSS-ISO-9001-BILD-600x600.jpg 600w\" sizes=\"(max-width: 1024px) 100vw, 1024px\" \/>\t\t\t\t\t\t\t\t\t\t\t\t\t\t\t<\/div>\n\t\t\t\t<\/div>\n\t\t\t\t<div class=\"elementor-element elementor-element-438ebfc elementor-widget elementor-widget-image\" data-id=\"438ebfc\" data-element_type=\"widget\" data-e-type=\"widget\" data-widget_type=\"image.default\">\n\t\t\t\t<div class=\"elementor-widget-container\">\n\t\t\t\t\t\t\t\t\t\t\t\t\t\t\t<img decoding=\"async\" width=\"846\" height=\"1024\" src=\"https:\/\/ems-electronic.com\/wp-content\/uploads\/2026\/04\/Franz-BILD-Strenge-Materialauswahl-und-rigorose-846x1024.jpg\" class=\"attachment-large size-large wp-image-1222\" alt=\"\" srcset=\"https:\/\/ems-electronic.com\/wp-content\/uploads\/2026\/04\/Franz-BILD-Strenge-Materialauswahl-und-rigorose-846x1024.jpg 846w, https:\/\/ems-electronic.com\/wp-content\/uploads\/2026\/04\/Franz-BILD-Strenge-Materialauswahl-und-rigorose-248x300.jpg 248w, https:\/\/ems-electronic.com\/wp-content\/uploads\/2026\/04\/Franz-BILD-Strenge-Materialauswahl-und-rigorose-768x929.jpg 768w, https:\/\/ems-electronic.com\/wp-content\/uploads\/2026\/04\/Franz-BILD-Strenge-Materialauswahl-und-rigorose-1270x1536.jpg 1270w, https:\/\/ems-electronic.com\/wp-content\/uploads\/2026\/04\/Franz-BILD-Strenge-Materialauswahl-und-rigorose-1693x2048.jpg 1693w\" sizes=\"(max-width: 846px) 100vw, 846px\" \/>\t\t\t\t\t\t\t\t\t\t\t\t\t\t\t<\/div>\n\t\t\t\t<\/div>\n\t\t\t\t<\/div>\n\t\t\t\t<\/div>\n\t\t\t\t\t<\/div>\n\t\t\t\t<\/div>\n\t\t\t\t<\/div>\n\t\t","protected":false},"excerpt":{"rendered":"<p>Nos normes de qualit\u00e9 EMS Electronic Metering Systems s.r.l. respecte scrupuleusement le syst\u00e8me de management de la qualit\u00e9 ISO 9001 et int\u00e8gre les certifications europ\u00e9ennes, les normes techniques europ\u00e9ennes et les normes de s\u00e9curit\u00e9 de l&#8217;eau potable de l&#8217;UE \u00e0 chaque \u00e9tape de la production. Gr\u00e2ce \u00e0 nos processus de fabrication certifi\u00e9s, nous garantissons \u00e0 [&hellip;]<\/p>\n","protected":false},"author":1,"featured_media":0,"parent":0,"menu_order":0,"comment_status":"closed","ping_status":"closed","template":"","meta":{"ocean_post_layout":"","ocean_both_sidebars_style":"","ocean_both_sidebars_content_width":0,"ocean_both_sidebars_sidebars_width":0,"ocean_sidebar":"","ocean_second_sidebar":"","ocean_disable_margins":"enable","ocean_add_body_class":"","ocean_shortcode_before_top_bar":"","ocean_shortcode_after_top_bar":"","ocean_shortcode_before_header":"","ocean_shortcode_after_header":"","ocean_has_shortcode":"","ocean_shortcode_after_title":"","ocean_shortcode_before_footer_widgets":"","ocean_shortcode_after_footer_widgets":"","ocean_shortcode_before_footer_bottom":"","ocean_shortcode_after_footer_bottom":"","ocean_display_top_bar":"default","ocean_display_header":"default","ocean_header_style":"","ocean_center_header_left_menu":"","ocean_custom_header_template":"","ocean_custom_logo":0,"ocean_custom_retina_logo":0,"ocean_custom_logo_max_width":0,"ocean_custom_logo_tablet_max_width":0,"ocean_custom_logo_mobile_max_width":0,"ocean_custom_logo_max_height":0,"ocean_custom_logo_tablet_max_height":0,"ocean_custom_logo_mobile_max_height":0,"ocean_header_custom_menu":"","ocean_menu_typo_font_family":"","ocean_menu_typo_font_subset":"","ocean_menu_typo_font_size":0,"ocean_menu_typo_font_size_tablet":0,"ocean_menu_typo_font_size_mobile":0,"ocean_menu_typo_font_size_unit":"px","ocean_menu_typo_font_weight":"","ocean_menu_typo_font_weight_tablet":"","ocean_menu_typo_font_weight_mobile":"","ocean_menu_typo_transform":"","ocean_menu_typo_transform_tablet":"","ocean_menu_typo_transform_mobile":"","ocean_menu_typo_line_height":0,"ocean_menu_typo_line_height_tablet":0,"ocean_menu_typo_line_height_mobile":0,"ocean_menu_typo_line_height_unit":"","ocean_menu_typo_spacing":0,"ocean_menu_typo_spacing_tablet":0,"ocean_menu_typo_spacing_mobile":0,"ocean_menu_typo_spacing_unit":"","ocean_menu_link_color":"","ocean_menu_link_color_hover":"","ocean_menu_link_color_active":"","ocean_menu_link_background":"","ocean_menu_link_hover_background":"","ocean_menu_link_active_background":"","ocean_menu_social_links_bg":"","ocean_menu_social_hover_links_bg":"","ocean_menu_social_links_color":"","ocean_menu_social_hover_links_color":"","ocean_disable_title":"default","ocean_disable_heading":"default","ocean_post_title":"","ocean_post_subheading":"","ocean_post_title_style":"","ocean_post_title_background_color":"","ocean_post_title_background":0,"ocean_post_title_bg_image_position":"","ocean_post_title_bg_image_attachment":"","ocean_post_title_bg_image_repeat":"","ocean_post_title_bg_image_size":"","ocean_post_title_height":0,"ocean_post_title_bg_overlay":0.5,"ocean_post_title_bg_overlay_color":"","ocean_disable_breadcrumbs":"default","ocean_breadcrumbs_color":"","ocean_breadcrumbs_separator_color":"","ocean_breadcrumbs_links_color":"","ocean_breadcrumbs_links_hover_color":"","ocean_display_footer_widgets":"default","ocean_display_footer_bottom":"default","ocean_custom_footer_template":"","footnotes":""},"class_list":["post-384","page","type-page","status-publish","hentry","entry"],"yoast_head":"<!-- This site is optimized with the Yoast SEO plugin v24.9 - https:\/\/yoast.com\/wordpress\/plugins\/seo\/ -->\n<title>Nos normes de qualit\u00e9 - EMS Electronic Metering Systems<\/title>\n<meta name=\"robots\" content=\"index, follow, max-snippet:-1, max-image-preview:large, max-video-preview:-1\" \/>\n<link rel=\"canonical\" href=\"https:\/\/ems-electronic.com\/?page_id=384&lang=fr\" \/>\n<meta property=\"og:locale\" content=\"de_DE\" \/>\n<meta property=\"og:type\" content=\"article\" \/>\n<meta property=\"og:title\" content=\"Nos normes de qualit\u00e9 - EMS Electronic Metering Systems\" \/>\n<meta property=\"og:description\" content=\"Nos normes de qualit\u00e9 EMS Electronic Metering Systems s.r.l. respecte scrupuleusement le syst\u00e8me de management de la qualit\u00e9 ISO 9001 et int\u00e8gre les certifications europ\u00e9ennes, les normes techniques europ\u00e9ennes et les normes de s\u00e9curit\u00e9 de l&#8217;eau potable de l&#8217;UE \u00e0 chaque \u00e9tape de la production. Gr\u00e2ce \u00e0 nos processus de fabrication certifi\u00e9s, nous garantissons \u00e0 [&hellip;]\" \/>\n<meta property=\"og:url\" content=\"https:\/\/ems-electronic.com\/?page_id=384&amp;lang=fr\" \/>\n<meta property=\"og:site_name\" content=\"EMS Electronic Metering Systems\" \/>\n<meta property=\"article:modified_time\" content=\"2026-04-17T07:48:27+00:00\" \/>\n<meta property=\"og:image\" content=\"https:\/\/ems-electronic.com\/wp-content\/uploads\/2026\/04\/FRANZ-STRIKTER-PRODUKTIONSABLAUF-GEMAeSS-ISO-9001-BILD-scaled.jpg\" \/>\n\t<meta property=\"og:image:width\" content=\"2560\" \/>\n\t<meta property=\"og:image:height\" content=\"2560\" \/>\n\t<meta property=\"og:image:type\" content=\"image\/jpeg\" \/>\n<meta name=\"twitter:card\" content=\"summary_large_image\" \/>\n<meta name=\"twitter:label1\" content=\"Gesch\u00e4tzte Lesezeit\" \/>\n\t<meta name=\"twitter:data1\" content=\"3\u00a0Minuten\" \/>\n<script type=\"application\/ld+json\" class=\"yoast-schema-graph\">{\"@context\":\"https:\/\/schema.org\",\"@graph\":[{\"@type\":\"WebPage\",\"@id\":\"https:\/\/ems-electronic.com\/?page_id=384&lang=fr\",\"url\":\"https:\/\/ems-electronic.com\/?page_id=384&lang=fr\",\"name\":\"Nos normes de qualit\u00e9 - EMS Electronic Metering Systems\",\"isPartOf\":{\"@id\":\"https:\/\/ems-electronic.com\/#website\"},\"primaryImageOfPage\":{\"@id\":\"https:\/\/ems-electronic.com\/?page_id=384&lang=fr#primaryimage\"},\"image\":{\"@id\":\"https:\/\/ems-electronic.com\/?page_id=384&lang=fr#primaryimage\"},\"thumbnailUrl\":\"https:\/\/ems-electronic.com\/wp-content\/uploads\/2026\/04\/FRANZ-STRIKTER-PRODUKTIONSABLAUF-GEMAeSS-ISO-9001-BILD-1024x1024.jpg\",\"datePublished\":\"2026-03-12T11:42:57+00:00\",\"dateModified\":\"2026-04-17T07:48:27+00:00\",\"breadcrumb\":{\"@id\":\"https:\/\/ems-electronic.com\/?page_id=384&lang=fr#breadcrumb\"},\"inLanguage\":\"de\",\"potentialAction\":[{\"@type\":\"ReadAction\",\"target\":[\"https:\/\/ems-electronic.com\/?page_id=384&lang=fr\"]}]},{\"@type\":\"ImageObject\",\"inLanguage\":\"de\",\"@id\":\"https:\/\/ems-electronic.com\/?page_id=384&lang=fr#primaryimage\",\"url\":\"https:\/\/ems-electronic.com\/wp-content\/uploads\/2026\/04\/FRANZ-STRIKTER-PRODUKTIONSABLAUF-GEMAeSS-ISO-9001-BILD-scaled.jpg\",\"contentUrl\":\"https:\/\/ems-electronic.com\/wp-content\/uploads\/2026\/04\/FRANZ-STRIKTER-PRODUKTIONSABLAUF-GEMAeSS-ISO-9001-BILD-scaled.jpg\",\"width\":2560,\"height\":2560},{\"@type\":\"BreadcrumbList\",\"@id\":\"https:\/\/ems-electronic.com\/?page_id=384&lang=fr#breadcrumb\",\"itemListElement\":[{\"@type\":\"ListItem\",\"position\":1,\"name\":\"Startseite\",\"item\":\"https:\/\/ems-electronic.com\/?page_id=37&lang=de\"},{\"@type\":\"ListItem\",\"position\":2,\"name\":\"Nos normes de qualit\u00e9\"}]},{\"@type\":\"WebSite\",\"@id\":\"https:\/\/ems-electronic.com\/#website\",\"url\":\"https:\/\/ems-electronic.com\/\",\"name\":\"EMS Electronic Metering Systems\",\"description\":\"Precision electronic component manufacturing tailored to your specifications \u2013 from small-series production to reliable contract assembly, certified according to ISO 9001 and backed by the Messtechnik Group\",\"publisher\":{\"@id\":\"https:\/\/ems-electronic.com\/#organization\"},\"alternateName\":\"Precision electronic component manufacturing tailored to your specifications \u2013 from small-series production to reliable contract assembly, certified according to ISO 9001 and backed by the Messtechnik Group\",\"potentialAction\":[{\"@type\":\"SearchAction\",\"target\":{\"@type\":\"EntryPoint\",\"urlTemplate\":\"https:\/\/ems-electronic.com\/?s={search_term_string}\"},\"query-input\":{\"@type\":\"PropertyValueSpecification\",\"valueRequired\":true,\"valueName\":\"search_term_string\"}}],\"inLanguage\":\"de\"},{\"@type\":\"Organization\",\"@id\":\"https:\/\/ems-electronic.com\/#organization\",\"name\":\"EMS Electronic Metering Systems s.r.l.\",\"url\":\"https:\/\/ems-electronic.com\/\",\"logo\":{\"@type\":\"ImageObject\",\"inLanguage\":\"de\",\"@id\":\"https:\/\/ems-electronic.com\/#\/schema\/logo\/image\/\",\"url\":\"https:\/\/ems-electronic.com\/wp-content\/uploads\/2024\/06\/cropped-cropped-EMS_quadrat_web.jpg\",\"contentUrl\":\"https:\/\/ems-electronic.com\/wp-content\/uploads\/2024\/06\/cropped-cropped-EMS_quadrat_web.jpg\",\"width\":512,\"height\":173,\"caption\":\"EMS Electronic Metering Systems s.r.l.\"},\"image\":{\"@id\":\"https:\/\/ems-electronic.com\/#\/schema\/logo\/image\/\"}}]}<\/script>\n<!-- \/ Yoast SEO plugin. -->","yoast_head_json":{"title":"Nos normes de qualit\u00e9 - EMS Electronic Metering Systems","robots":{"index":"index","follow":"follow","max-snippet":"max-snippet:-1","max-image-preview":"max-image-preview:large","max-video-preview":"max-video-preview:-1"},"canonical":"https:\/\/ems-electronic.com\/?page_id=384&lang=fr","og_locale":"de_DE","og_type":"article","og_title":"Nos normes de qualit\u00e9 - EMS Electronic Metering Systems","og_description":"Nos normes de qualit\u00e9 EMS Electronic Metering Systems s.r.l. respecte scrupuleusement le syst\u00e8me de management de la qualit\u00e9 ISO 9001 et int\u00e8gre les certifications europ\u00e9ennes, les normes techniques europ\u00e9ennes et les normes de s\u00e9curit\u00e9 de l&#8217;eau potable de l&#8217;UE \u00e0 chaque \u00e9tape de la production. Gr\u00e2ce \u00e0 nos processus de fabrication certifi\u00e9s, nous garantissons \u00e0 [&hellip;]","og_url":"https:\/\/ems-electronic.com\/?page_id=384&lang=fr","og_site_name":"EMS Electronic Metering Systems","article_modified_time":"2026-04-17T07:48:27+00:00","og_image":[{"width":2560,"height":2560,"url":"https:\/\/ems-electronic.com\/wp-content\/uploads\/2026\/04\/FRANZ-STRIKTER-PRODUKTIONSABLAUF-GEMAeSS-ISO-9001-BILD-scaled.jpg","type":"image\/jpeg"}],"twitter_card":"summary_large_image","twitter_misc":{"Gesch\u00e4tzte Lesezeit":"3\u00a0Minuten"},"schema":{"@context":"https:\/\/schema.org","@graph":[{"@type":"WebPage","@id":"https:\/\/ems-electronic.com\/?page_id=384&lang=fr","url":"https:\/\/ems-electronic.com\/?page_id=384&lang=fr","name":"Nos normes de qualit\u00e9 - EMS Electronic Metering Systems","isPartOf":{"@id":"https:\/\/ems-electronic.com\/#website"},"primaryImageOfPage":{"@id":"https:\/\/ems-electronic.com\/?page_id=384&lang=fr#primaryimage"},"image":{"@id":"https:\/\/ems-electronic.com\/?page_id=384&lang=fr#primaryimage"},"thumbnailUrl":"https:\/\/ems-electronic.com\/wp-content\/uploads\/2026\/04\/FRANZ-STRIKTER-PRODUKTIONSABLAUF-GEMAeSS-ISO-9001-BILD-1024x1024.jpg","datePublished":"2026-03-12T11:42:57+00:00","dateModified":"2026-04-17T07:48:27+00:00","breadcrumb":{"@id":"https:\/\/ems-electronic.com\/?page_id=384&lang=fr#breadcrumb"},"inLanguage":"de","potentialAction":[{"@type":"ReadAction","target":["https:\/\/ems-electronic.com\/?page_id=384&lang=fr"]}]},{"@type":"ImageObject","inLanguage":"de","@id":"https:\/\/ems-electronic.com\/?page_id=384&lang=fr#primaryimage","url":"https:\/\/ems-electronic.com\/wp-content\/uploads\/2026\/04\/FRANZ-STRIKTER-PRODUKTIONSABLAUF-GEMAeSS-ISO-9001-BILD-scaled.jpg","contentUrl":"https:\/\/ems-electronic.com\/wp-content\/uploads\/2026\/04\/FRANZ-STRIKTER-PRODUKTIONSABLAUF-GEMAeSS-ISO-9001-BILD-scaled.jpg","width":2560,"height":2560},{"@type":"BreadcrumbList","@id":"https:\/\/ems-electronic.com\/?page_id=384&lang=fr#breadcrumb","itemListElement":[{"@type":"ListItem","position":1,"name":"Startseite","item":"https:\/\/ems-electronic.com\/?page_id=37&lang=de"},{"@type":"ListItem","position":2,"name":"Nos normes de qualit\u00e9"}]},{"@type":"WebSite","@id":"https:\/\/ems-electronic.com\/#website","url":"https:\/\/ems-electronic.com\/","name":"EMS Electronic Metering Systems","description":"Precision electronic component manufacturing tailored to your specifications \u2013 from small-series production to reliable contract assembly, certified according to ISO 9001 and backed by the Messtechnik Group","publisher":{"@id":"https:\/\/ems-electronic.com\/#organization"},"alternateName":"Precision electronic component manufacturing tailored to your specifications \u2013 from small-series production to reliable contract assembly, certified according to ISO 9001 and backed by the Messtechnik Group","potentialAction":[{"@type":"SearchAction","target":{"@type":"EntryPoint","urlTemplate":"https:\/\/ems-electronic.com\/?s={search_term_string}"},"query-input":{"@type":"PropertyValueSpecification","valueRequired":true,"valueName":"search_term_string"}}],"inLanguage":"de"},{"@type":"Organization","@id":"https:\/\/ems-electronic.com\/#organization","name":"EMS Electronic Metering Systems s.r.l.","url":"https:\/\/ems-electronic.com\/","logo":{"@type":"ImageObject","inLanguage":"de","@id":"https:\/\/ems-electronic.com\/#\/schema\/logo\/image\/","url":"https:\/\/ems-electronic.com\/wp-content\/uploads\/2024\/06\/cropped-cropped-EMS_quadrat_web.jpg","contentUrl":"https:\/\/ems-electronic.com\/wp-content\/uploads\/2024\/06\/cropped-cropped-EMS_quadrat_web.jpg","width":512,"height":173,"caption":"EMS Electronic Metering Systems s.r.l."},"image":{"@id":"https:\/\/ems-electronic.com\/#\/schema\/logo\/image\/"}}]}},"jetpack_sharing_enabled":true,"_links":{"self":[{"href":"https:\/\/ems-electronic.com\/index.php?rest_route=\/wp\/v2\/pages\/384","targetHints":{"allow":["GET"]}}],"collection":[{"href":"https:\/\/ems-electronic.com\/index.php?rest_route=\/wp\/v2\/pages"}],"about":[{"href":"https:\/\/ems-electronic.com\/index.php?rest_route=\/wp\/v2\/types\/page"}],"author":[{"embeddable":true,"href":"https:\/\/ems-electronic.com\/index.php?rest_route=\/wp\/v2\/users\/1"}],"replies":[{"embeddable":true,"href":"https:\/\/ems-electronic.com\/index.php?rest_route=%2Fwp%2Fv2%2Fcomments&post=384"}],"version-history":[{"count":10,"href":"https:\/\/ems-electronic.com\/index.php?rest_route=\/wp\/v2\/pages\/384\/revisions"}],"predecessor-version":[{"id":1225,"href":"https:\/\/ems-electronic.com\/index.php?rest_route=\/wp\/v2\/pages\/384\/revisions\/1225"}],"wp:attachment":[{"href":"https:\/\/ems-electronic.com\/index.php?rest_route=%2Fwp%2Fv2%2Fmedia&parent=384"}],"curies":[{"name":"wp","href":"https:\/\/api.w.org\/{rel}","templated":true}]}}