{"id":385,"date":"2026-03-12T11:45:00","date_gmt":"2026-03-12T11:45:00","guid":{"rendered":"https:\/\/ems-electronic.com\/?page_id=385"},"modified":"2026-04-17T07:49:53","modified_gmt":"2026-04-17T07:49:53","slug":"os-nossos-padroes-de-qualidade","status":"publish","type":"page","link":"https:\/\/ems-electronic.com\/?page_id=385&lang=pt","title":{"rendered":"Os nossos Padr\u00f5es de Qualidade"},"content":{"rendered":"\t\t<div data-elementor-type=\"wp-page\" data-elementor-id=\"385\" class=\"elementor elementor-385\">\n\t\t\t\t<div class=\"elementor-element elementor-element-dcffb2f e-flex e-con-boxed e-con e-parent\" data-id=\"dcffb2f\" data-element_type=\"container\" data-e-type=\"container\">\n\t\t\t\t\t<div class=\"e-con-inner\">\n\t\t\t\t<div class=\"elementor-element elementor-element-39aa2c6 elementor-widget elementor-widget-heading\" data-id=\"39aa2c6\" data-element_type=\"widget\" data-e-type=\"widget\" data-widget_type=\"heading.default\">\n\t\t\t\t<div class=\"elementor-widget-container\">\n\t\t\t\t\t<h2 class=\"elementor-heading-title elementor-size-default\">Os nossos Padr\u00f5es de Qualidade<\/h2>\t\t\t\t<\/div>\n\t\t\t\t<\/div>\n\t\t\t\t<div class=\"elementor-element elementor-element-b474ecf elementor-widget elementor-widget-spacer\" data-id=\"b474ecf\" data-element_type=\"widget\" data-e-type=\"widget\" data-widget_type=\"spacer.default\">\n\t\t\t\t<div class=\"elementor-widget-container\">\n\t\t\t\t\t\t\t<div class=\"elementor-spacer\">\n\t\t\t<div class=\"elementor-spacer-inner\"><\/div>\n\t\t<\/div>\n\t\t\t\t\t\t<\/div>\n\t\t\t\t<\/div>\n\t\t<div class=\"elementor-element elementor-element-8f5ae99 e-con-full e-grid e-con e-child\" data-id=\"8f5ae99\" data-element_type=\"container\" data-e-type=\"container\">\n\t\t<div class=\"elementor-element elementor-element-7a6d4f8 e-con-full e-flex e-con e-child\" data-id=\"7a6d4f8\" data-element_type=\"container\" data-e-type=\"container\">\n\t\t\t\t<div class=\"elementor-element elementor-element-c377833 elementor-widget elementor-widget-text-editor\" data-id=\"c377833\" data-element_type=\"widget\" data-e-type=\"widget\" data-widget_type=\"text-editor.default\">\n\t\t\t\t<div class=\"elementor-widget-container\">\n\t\t\t\t\t\t\t\t\t<p>A EMS Electronic Metering Systems s.r.l. segue rigorosamente o sistema de gest\u00e3o da qualidade ISO 9001 e integra as certifica\u00e7\u00f5es europeias, as normas t\u00e9cnicas europeias e as normas de seguran\u00e7a da \u00e1gua pot\u00e1vel da UE em todas as fases da produ\u00e7\u00e3o. Gra\u00e7as aos nossos processos de fabrico certificados, garantimos aos nossos clientes contadores, distribuidores de custos e equipamentos de leitura remota seguros, em conformidade com as normas e fi\u00e1veis.<\/p>\t\t\t\t\t\t\t\t<\/div>\n\t\t\t\t<\/div>\n\t\t\t\t<div class=\"elementor-element elementor-element-09b04c9 elementor-widget elementor-widget-heading\" data-id=\"09b04c9\" data-element_type=\"widget\" data-e-type=\"widget\" data-widget_type=\"heading.default\">\n\t\t\t\t<div class=\"elementor-widget-container\">\n\t\t\t\t\t<h3 class=\"elementor-heading-title elementor-size-default\">Design Otimizado de Contadores e Distribuidores de Custos para Energia, Aquecimento, Refrigera\u00e7\u00e3o e \u00c1gua<\/h3>\t\t\t\t<\/div>\n\t\t\t\t<\/div>\n\t\t\t\t<div class=\"elementor-element elementor-element-93b7a41 elementor-widget elementor-widget-text-editor\" data-id=\"93b7a41\" data-element_type=\"widget\" data-e-type=\"widget\" data-widget_type=\"text-editor.default\">\n\t\t\t\t<div class=\"elementor-widget-container\">\n\t\t\t\t\t\t\t\t\t<p>Os nossos contadores e distribuidores de custos s\u00e3o o resultado de uma investiga\u00e7\u00e3o e otimiza\u00e7\u00e3o rigorosa, garantindo medi\u00e7\u00f5es precisas para uma vasta gama de aplica\u00e7\u00f5es. A nossa experiente equipa de desenvolvimento na EMS est\u00e1 constantemente a inovar para atender \u00e0s necessidades em constante evolu\u00e7\u00e3o do mercado.<\/p>\t\t\t\t\t\t\t\t<\/div>\n\t\t\t\t<\/div>\n\t\t\t\t<div class=\"elementor-element elementor-element-9da6177 elementor-widget elementor-widget-heading\" data-id=\"9da6177\" data-element_type=\"widget\" data-e-type=\"widget\" data-widget_type=\"heading.default\">\n\t\t\t\t<div class=\"elementor-widget-container\">\n\t\t\t\t\t<h3 class=\"elementor-heading-title elementor-size-default\">Sele\u00e7\u00e3o Rigorosa de Materiais<\/h3>\t\t\t\t<\/div>\n\t\t\t\t<\/div>\n\t\t\t\t<div class=\"elementor-element elementor-element-8831f46 elementor-widget elementor-widget-text-editor\" data-id=\"8831f46\" data-element_type=\"widget\" data-e-type=\"widget\" data-widget_type=\"text-editor.default\">\n\t\t\t\t<div class=\"elementor-widget-container\">\n\t\t\t\t\t\t\t\t\t<p>Na EMS Electronic Metering Systems s.r.l., dedicamos especial aten\u00e7\u00e3o aos materiais que utilizamos. A nossa prioridade \u00e9 garantir a sua robustez, durabilidade e resist\u00eancia \u00e0 corros\u00e3o. Selecionamos apenas materiais que cumprem as normas internacionais e europeias para garantir que os nossos dispositivos de medi\u00e7\u00e3o e distribui\u00e7\u00e3o mant\u00eam o seu desempenho excecional durante muitos anos.<\/p>\t\t\t\t\t\t\t\t<\/div>\n\t\t\t\t<\/div>\n\t\t\t\t<div class=\"elementor-element elementor-element-eb805d3 elementor-widget elementor-widget-heading\" data-id=\"eb805d3\" data-element_type=\"widget\" data-e-type=\"widget\" data-widget_type=\"heading.default\">\n\t\t\t\t<div class=\"elementor-widget-container\">\n\t\t\t\t\t<h3 class=\"elementor-heading-title elementor-size-default\">Processo de Fabrico Rigoroso<\/h3>\t\t\t\t<\/div>\n\t\t\t\t<\/div>\n\t\t\t\t<div class=\"elementor-element elementor-element-1336db3 elementor-widget elementor-widget-text-editor\" data-id=\"1336db3\" data-element_type=\"widget\" data-e-type=\"widget\" data-widget_type=\"text-editor.default\">\n\t\t\t\t<div class=\"elementor-widget-container\">\n\t\t\t\t\t\t\t\t\t<p>O nosso processo de fabrico \u00e9 estritamente regido pelas normas de gest\u00e3o da qualidade ISO. Todos os nossos dispositivos de medi\u00e7\u00e3o e dispensa s\u00e3o submetidos a in\u00fameras inspe\u00e7\u00f5es e testes para garantir um desempenho e precis\u00e3o ideais. Isto tamb\u00e9m se aplica a todos os nossos sistemas de transmiss\u00e3o de dados remotos, sem fios e com fios.<\/p><p>\u00a0<\/p><p>As nossas equipas de desenvolvimento e produ\u00e7\u00e3o s\u00e3o compostas por engenheiros qualificados, especialistas e trabalhadores especializados com uma vasta experi\u00eancia e um conhecimento profundo em metrologia, eletr\u00f3nica, mec\u00e2nica, mecatr\u00f3nica e tecnologias de fabrico.<\/p>\t\t\t\t\t\t\t\t<\/div>\n\t\t\t\t<\/div>\n\t\t\t\t<\/div>\n\t\t<div class=\"elementor-element elementor-element-2cc7320 e-con-full e-flex e-con e-child\" data-id=\"2cc7320\" data-element_type=\"container\" data-e-type=\"container\">\n\t\t\t\t<div class=\"elementor-element elementor-element-33051aa elementor-widget elementor-widget-image\" data-id=\"33051aa\" data-element_type=\"widget\" data-e-type=\"widget\" data-widget_type=\"image.default\">\n\t\t\t\t<div class=\"elementor-widget-container\">\n\t\t\t\t\t\t\t\t\t\t\t\t\t\t\t<img fetchpriority=\"high\" decoding=\"async\" width=\"1024\" height=\"1024\" src=\"https:\/\/ems-electronic.com\/wp-content\/uploads\/2026\/04\/PORT-STRIKTER-PRODUKTIONSABLAUF-GEMAeSS-ISO-9001-BILD-1024x1024.jpg\" class=\"attachment-large size-large wp-image-1146\" alt=\"\" srcset=\"https:\/\/ems-electronic.com\/wp-content\/uploads\/2026\/04\/PORT-STRIKTER-PRODUKTIONSABLAUF-GEMAeSS-ISO-9001-BILD-1024x1024.jpg 1024w, https:\/\/ems-electronic.com\/wp-content\/uploads\/2026\/04\/PORT-STRIKTER-PRODUKTIONSABLAUF-GEMAeSS-ISO-9001-BILD-300x300.jpg 300w, https:\/\/ems-electronic.com\/wp-content\/uploads\/2026\/04\/PORT-STRIKTER-PRODUKTIONSABLAUF-GEMAeSS-ISO-9001-BILD-150x150.jpg 150w, https:\/\/ems-electronic.com\/wp-content\/uploads\/2026\/04\/PORT-STRIKTER-PRODUKTIONSABLAUF-GEMAeSS-ISO-9001-BILD-768x768.jpg 768w, https:\/\/ems-electronic.com\/wp-content\/uploads\/2026\/04\/PORT-STRIKTER-PRODUKTIONSABLAUF-GEMAeSS-ISO-9001-BILD-1536x1536.jpg 1536w, https:\/\/ems-electronic.com\/wp-content\/uploads\/2026\/04\/PORT-STRIKTER-PRODUKTIONSABLAUF-GEMAeSS-ISO-9001-BILD-2048x2048.jpg 2048w, https:\/\/ems-electronic.com\/wp-content\/uploads\/2026\/04\/PORT-STRIKTER-PRODUKTIONSABLAUF-GEMAeSS-ISO-9001-BILD-600x600.jpg 600w\" sizes=\"(max-width: 1024px) 100vw, 1024px\" \/>\t\t\t\t\t\t\t\t\t\t\t\t\t\t\t<\/div>\n\t\t\t\t<\/div>\n\t\t\t\t<div class=\"elementor-element elementor-element-f3e6a40 elementor-widget elementor-widget-image\" data-id=\"f3e6a40\" data-element_type=\"widget\" data-e-type=\"widget\" data-widget_type=\"image.default\">\n\t\t\t\t<div class=\"elementor-widget-container\">\n\t\t\t\t\t\t\t\t\t\t\t\t\t\t\t<img decoding=\"async\" width=\"846\" height=\"1024\" src=\"https:\/\/ems-electronic.com\/wp-content\/uploads\/2026\/04\/PORT-BILD-Strenge-Materialauswahl-und-rigorose-846x1024.jpg\" class=\"attachment-large size-large wp-image-1230\" alt=\"\" srcset=\"https:\/\/ems-electronic.com\/wp-content\/uploads\/2026\/04\/PORT-BILD-Strenge-Materialauswahl-und-rigorose-846x1024.jpg 846w, https:\/\/ems-electronic.com\/wp-content\/uploads\/2026\/04\/PORT-BILD-Strenge-Materialauswahl-und-rigorose-248x300.jpg 248w, https:\/\/ems-electronic.com\/wp-content\/uploads\/2026\/04\/PORT-BILD-Strenge-Materialauswahl-und-rigorose-768x929.jpg 768w, https:\/\/ems-electronic.com\/wp-content\/uploads\/2026\/04\/PORT-BILD-Strenge-Materialauswahl-und-rigorose-1270x1536.jpg 1270w, https:\/\/ems-electronic.com\/wp-content\/uploads\/2026\/04\/PORT-BILD-Strenge-Materialauswahl-und-rigorose-1693x2048.jpg 1693w\" sizes=\"(max-width: 846px) 100vw, 846px\" \/>\t\t\t\t\t\t\t\t\t\t\t\t\t\t\t<\/div>\n\t\t\t\t<\/div>\n\t\t\t\t<\/div>\n\t\t\t\t<\/div>\n\t\t\t\t\t<\/div>\n\t\t\t\t<\/div>\n\t\t\t\t<\/div>\n\t\t","protected":false},"excerpt":{"rendered":"<p>Os nossos Padr\u00f5es de Qualidade A EMS Electronic Metering Systems s.r.l. segue rigorosamente o sistema de gest\u00e3o da qualidade ISO 9001 e integra as certifica\u00e7\u00f5es europeias, as normas t\u00e9cnicas europeias e as normas de seguran\u00e7a da \u00e1gua pot\u00e1vel da UE em todas as fases da produ\u00e7\u00e3o. Gra\u00e7as aos nossos processos de fabrico certificados, garantimos aos [&hellip;]<\/p>\n","protected":false},"author":1,"featured_media":0,"parent":0,"menu_order":0,"comment_status":"closed","ping_status":"closed","template":"","meta":{"ocean_post_layout":"","ocean_both_sidebars_style":"","ocean_both_sidebars_content_width":0,"ocean_both_sidebars_sidebars_width":0,"ocean_sidebar":"","ocean_second_sidebar":"","ocean_disable_margins":"enable","ocean_add_body_class":"","ocean_shortcode_before_top_bar":"","ocean_shortcode_after_top_bar":"","ocean_shortcode_before_header":"","ocean_shortcode_after_header":"","ocean_has_shortcode":"","ocean_shortcode_after_title":"","ocean_shortcode_before_footer_widgets":"","ocean_shortcode_after_footer_widgets":"","ocean_shortcode_before_footer_bottom":"","ocean_shortcode_after_footer_bottom":"","ocean_display_top_bar":"default","ocean_display_header":"default","ocean_header_style":"","ocean_center_header_left_menu":"","ocean_custom_header_template":"","ocean_custom_logo":0,"ocean_custom_retina_logo":0,"ocean_custom_logo_max_width":0,"ocean_custom_logo_tablet_max_width":0,"ocean_custom_logo_mobile_max_width":0,"ocean_custom_logo_max_height":0,"ocean_custom_logo_tablet_max_height":0,"ocean_custom_logo_mobile_max_height":0,"ocean_header_custom_menu":"","ocean_menu_typo_font_family":"","ocean_menu_typo_font_subset":"","ocean_menu_typo_font_size":0,"ocean_menu_typo_font_size_tablet":0,"ocean_menu_typo_font_size_mobile":0,"ocean_menu_typo_font_size_unit":"px","ocean_menu_typo_font_weight":"","ocean_menu_typo_font_weight_tablet":"","ocean_menu_typo_font_weight_mobile":"","ocean_menu_typo_transform":"","ocean_menu_typo_transform_tablet":"","ocean_menu_typo_transform_mobile":"","ocean_menu_typo_line_height":0,"ocean_menu_typo_line_height_tablet":0,"ocean_menu_typo_line_height_mobile":0,"ocean_menu_typo_line_height_unit":"","ocean_menu_typo_spacing":0,"ocean_menu_typo_spacing_tablet":0,"ocean_menu_typo_spacing_mobile":0,"ocean_menu_typo_spacing_unit":"","ocean_menu_link_color":"","ocean_menu_link_color_hover":"","ocean_menu_link_color_active":"","ocean_menu_link_background":"","ocean_menu_link_hover_background":"","ocean_menu_link_active_background":"","ocean_menu_social_links_bg":"","ocean_menu_social_hover_links_bg":"","ocean_menu_social_links_color":"","ocean_menu_social_hover_links_color":"","ocean_disable_title":"default","ocean_disable_heading":"default","ocean_post_title":"","ocean_post_subheading":"","ocean_post_title_style":"","ocean_post_title_background_color":"","ocean_post_title_background":0,"ocean_post_title_bg_image_position":"","ocean_post_title_bg_image_attachment":"","ocean_post_title_bg_image_repeat":"","ocean_post_title_bg_image_size":"","ocean_post_title_height":0,"ocean_post_title_bg_overlay":0.5,"ocean_post_title_bg_overlay_color":"","ocean_disable_breadcrumbs":"default","ocean_breadcrumbs_color":"","ocean_breadcrumbs_separator_color":"","ocean_breadcrumbs_links_color":"","ocean_breadcrumbs_links_hover_color":"","ocean_display_footer_widgets":"default","ocean_display_footer_bottom":"default","ocean_custom_footer_template":"","footnotes":""},"class_list":["post-385","page","type-page","status-publish","hentry","entry"],"yoast_head":"<!-- This site is optimized with the Yoast SEO plugin v24.9 - https:\/\/yoast.com\/wordpress\/plugins\/seo\/ -->\n<title>Os nossos Padr\u00f5es de Qualidade - EMS Electronic Metering Systems<\/title>\n<meta name=\"robots\" content=\"index, follow, max-snippet:-1, max-image-preview:large, max-video-preview:-1\" \/>\n<link rel=\"canonical\" href=\"https:\/\/ems-electronic.com\/?page_id=385&lang=pt\" \/>\n<meta property=\"og:locale\" content=\"de_DE\" \/>\n<meta property=\"og:type\" content=\"article\" \/>\n<meta property=\"og:title\" content=\"Os nossos Padr\u00f5es de Qualidade - EMS Electronic Metering Systems\" \/>\n<meta property=\"og:description\" content=\"Os nossos Padr\u00f5es de Qualidade A EMS Electronic Metering Systems s.r.l. segue rigorosamente o sistema de gest\u00e3o da qualidade ISO 9001 e integra as certifica\u00e7\u00f5es europeias, as normas t\u00e9cnicas europeias e as normas de seguran\u00e7a da \u00e1gua pot\u00e1vel da UE em todas as fases da produ\u00e7\u00e3o. Gra\u00e7as aos nossos processos de fabrico certificados, garantimos aos [&hellip;]\" \/>\n<meta property=\"og:url\" content=\"https:\/\/ems-electronic.com\/?page_id=385&amp;lang=pt\" \/>\n<meta property=\"og:site_name\" content=\"EMS Electronic Metering Systems\" \/>\n<meta property=\"article:modified_time\" content=\"2026-04-17T07:49:53+00:00\" \/>\n<meta property=\"og:image\" content=\"https:\/\/ems-electronic.com\/wp-content\/uploads\/2026\/04\/PORT-STRIKTER-PRODUKTIONSABLAUF-GEMAeSS-ISO-9001-BILD-scaled.jpg\" \/>\n\t<meta property=\"og:image:width\" content=\"2560\" \/>\n\t<meta property=\"og:image:height\" content=\"2560\" \/>\n\t<meta property=\"og:image:type\" content=\"image\/jpeg\" \/>\n<meta name=\"twitter:card\" content=\"summary_large_image\" \/>\n<meta name=\"twitter:label1\" content=\"Gesch\u00e4tzte Lesezeit\" \/>\n\t<meta name=\"twitter:data1\" content=\"2\u00a0Minuten\" \/>\n<script type=\"application\/ld+json\" class=\"yoast-schema-graph\">{\"@context\":\"https:\/\/schema.org\",\"@graph\":[{\"@type\":\"WebPage\",\"@id\":\"https:\/\/ems-electronic.com\/?page_id=385&lang=pt\",\"url\":\"https:\/\/ems-electronic.com\/?page_id=385&lang=pt\",\"name\":\"Os nossos Padr\u00f5es de Qualidade - EMS Electronic Metering Systems\",\"isPartOf\":{\"@id\":\"https:\/\/ems-electronic.com\/#website\"},\"primaryImageOfPage\":{\"@id\":\"https:\/\/ems-electronic.com\/?page_id=385&lang=pt#primaryimage\"},\"image\":{\"@id\":\"https:\/\/ems-electronic.com\/?page_id=385&lang=pt#primaryimage\"},\"thumbnailUrl\":\"https:\/\/ems-electronic.com\/wp-content\/uploads\/2026\/04\/PORT-STRIKTER-PRODUKTIONSABLAUF-GEMAeSS-ISO-9001-BILD-1024x1024.jpg\",\"datePublished\":\"2026-03-12T11:45:00+00:00\",\"dateModified\":\"2026-04-17T07:49:53+00:00\",\"breadcrumb\":{\"@id\":\"https:\/\/ems-electronic.com\/?page_id=385&lang=pt#breadcrumb\"},\"inLanguage\":\"de\",\"potentialAction\":[{\"@type\":\"ReadAction\",\"target\":[\"https:\/\/ems-electronic.com\/?page_id=385&lang=pt\"]}]},{\"@type\":\"ImageObject\",\"inLanguage\":\"de\",\"@id\":\"https:\/\/ems-electronic.com\/?page_id=385&lang=pt#primaryimage\",\"url\":\"https:\/\/ems-electronic.com\/wp-content\/uploads\/2026\/04\/PORT-STRIKTER-PRODUKTIONSABLAUF-GEMAeSS-ISO-9001-BILD-scaled.jpg\",\"contentUrl\":\"https:\/\/ems-electronic.com\/wp-content\/uploads\/2026\/04\/PORT-STRIKTER-PRODUKTIONSABLAUF-GEMAeSS-ISO-9001-BILD-scaled.jpg\",\"width\":2560,\"height\":2560},{\"@type\":\"BreadcrumbList\",\"@id\":\"https:\/\/ems-electronic.com\/?page_id=385&lang=pt#breadcrumb\",\"itemListElement\":[{\"@type\":\"ListItem\",\"position\":1,\"name\":\"Startseite\",\"item\":\"https:\/\/ems-electronic.com\/?page_id=37&lang=de\"},{\"@type\":\"ListItem\",\"position\":2,\"name\":\"Os nossos Padr\u00f5es de Qualidade\"}]},{\"@type\":\"WebSite\",\"@id\":\"https:\/\/ems-electronic.com\/#website\",\"url\":\"https:\/\/ems-electronic.com\/\",\"name\":\"EMS Electronic Metering Systems\",\"description\":\"Precision electronic component manufacturing tailored to your specifications \u2013 from small-series production to reliable contract assembly, certified according to ISO 9001 and backed by the Messtechnik Group\",\"publisher\":{\"@id\":\"https:\/\/ems-electronic.com\/#organization\"},\"alternateName\":\"Precision electronic component manufacturing tailored to your specifications \u2013 from small-series production to reliable contract assembly, certified according to ISO 9001 and backed by the Messtechnik Group\",\"potentialAction\":[{\"@type\":\"SearchAction\",\"target\":{\"@type\":\"EntryPoint\",\"urlTemplate\":\"https:\/\/ems-electronic.com\/?s={search_term_string}\"},\"query-input\":{\"@type\":\"PropertyValueSpecification\",\"valueRequired\":true,\"valueName\":\"search_term_string\"}}],\"inLanguage\":\"de\"},{\"@type\":\"Organization\",\"@id\":\"https:\/\/ems-electronic.com\/#organization\",\"name\":\"EMS Electronic Metering Systems s.r.l.\",\"url\":\"https:\/\/ems-electronic.com\/\",\"logo\":{\"@type\":\"ImageObject\",\"inLanguage\":\"de\",\"@id\":\"https:\/\/ems-electronic.com\/#\/schema\/logo\/image\/\",\"url\":\"https:\/\/ems-electronic.com\/wp-content\/uploads\/2024\/06\/cropped-cropped-EMS_quadrat_web.jpg\",\"contentUrl\":\"https:\/\/ems-electronic.com\/wp-content\/uploads\/2024\/06\/cropped-cropped-EMS_quadrat_web.jpg\",\"width\":512,\"height\":173,\"caption\":\"EMS Electronic Metering Systems s.r.l.\"},\"image\":{\"@id\":\"https:\/\/ems-electronic.com\/#\/schema\/logo\/image\/\"}}]}<\/script>\n<!-- \/ Yoast SEO plugin. -->","yoast_head_json":{"title":"Os nossos Padr\u00f5es de Qualidade - EMS Electronic Metering Systems","robots":{"index":"index","follow":"follow","max-snippet":"max-snippet:-1","max-image-preview":"max-image-preview:large","max-video-preview":"max-video-preview:-1"},"canonical":"https:\/\/ems-electronic.com\/?page_id=385&lang=pt","og_locale":"de_DE","og_type":"article","og_title":"Os nossos Padr\u00f5es de Qualidade - EMS Electronic Metering Systems","og_description":"Os nossos Padr\u00f5es de Qualidade A EMS Electronic Metering Systems s.r.l. segue rigorosamente o sistema de gest\u00e3o da qualidade ISO 9001 e integra as certifica\u00e7\u00f5es europeias, as normas t\u00e9cnicas europeias e as normas de seguran\u00e7a da \u00e1gua pot\u00e1vel da UE em todas as fases da produ\u00e7\u00e3o. Gra\u00e7as aos nossos processos de fabrico certificados, garantimos aos [&hellip;]","og_url":"https:\/\/ems-electronic.com\/?page_id=385&lang=pt","og_site_name":"EMS Electronic Metering Systems","article_modified_time":"2026-04-17T07:49:53+00:00","og_image":[{"width":2560,"height":2560,"url":"https:\/\/ems-electronic.com\/wp-content\/uploads\/2026\/04\/PORT-STRIKTER-PRODUKTIONSABLAUF-GEMAeSS-ISO-9001-BILD-scaled.jpg","type":"image\/jpeg"}],"twitter_card":"summary_large_image","twitter_misc":{"Gesch\u00e4tzte Lesezeit":"2\u00a0Minuten"},"schema":{"@context":"https:\/\/schema.org","@graph":[{"@type":"WebPage","@id":"https:\/\/ems-electronic.com\/?page_id=385&lang=pt","url":"https:\/\/ems-electronic.com\/?page_id=385&lang=pt","name":"Os nossos Padr\u00f5es de Qualidade - EMS Electronic Metering Systems","isPartOf":{"@id":"https:\/\/ems-electronic.com\/#website"},"primaryImageOfPage":{"@id":"https:\/\/ems-electronic.com\/?page_id=385&lang=pt#primaryimage"},"image":{"@id":"https:\/\/ems-electronic.com\/?page_id=385&lang=pt#primaryimage"},"thumbnailUrl":"https:\/\/ems-electronic.com\/wp-content\/uploads\/2026\/04\/PORT-STRIKTER-PRODUKTIONSABLAUF-GEMAeSS-ISO-9001-BILD-1024x1024.jpg","datePublished":"2026-03-12T11:45:00+00:00","dateModified":"2026-04-17T07:49:53+00:00","breadcrumb":{"@id":"https:\/\/ems-electronic.com\/?page_id=385&lang=pt#breadcrumb"},"inLanguage":"de","potentialAction":[{"@type":"ReadAction","target":["https:\/\/ems-electronic.com\/?page_id=385&lang=pt"]}]},{"@type":"ImageObject","inLanguage":"de","@id":"https:\/\/ems-electronic.com\/?page_id=385&lang=pt#primaryimage","url":"https:\/\/ems-electronic.com\/wp-content\/uploads\/2026\/04\/PORT-STRIKTER-PRODUKTIONSABLAUF-GEMAeSS-ISO-9001-BILD-scaled.jpg","contentUrl":"https:\/\/ems-electronic.com\/wp-content\/uploads\/2026\/04\/PORT-STRIKTER-PRODUKTIONSABLAUF-GEMAeSS-ISO-9001-BILD-scaled.jpg","width":2560,"height":2560},{"@type":"BreadcrumbList","@id":"https:\/\/ems-electronic.com\/?page_id=385&lang=pt#breadcrumb","itemListElement":[{"@type":"ListItem","position":1,"name":"Startseite","item":"https:\/\/ems-electronic.com\/?page_id=37&lang=de"},{"@type":"ListItem","position":2,"name":"Os nossos Padr\u00f5es de Qualidade"}]},{"@type":"WebSite","@id":"https:\/\/ems-electronic.com\/#website","url":"https:\/\/ems-electronic.com\/","name":"EMS Electronic Metering Systems","description":"Precision electronic component manufacturing tailored to your specifications \u2013 from small-series production to reliable contract assembly, certified according to ISO 9001 and backed by the Messtechnik Group","publisher":{"@id":"https:\/\/ems-electronic.com\/#organization"},"alternateName":"Precision electronic component manufacturing tailored to your specifications \u2013 from small-series production to reliable contract assembly, certified according to ISO 9001 and backed by the Messtechnik Group","potentialAction":[{"@type":"SearchAction","target":{"@type":"EntryPoint","urlTemplate":"https:\/\/ems-electronic.com\/?s={search_term_string}"},"query-input":{"@type":"PropertyValueSpecification","valueRequired":true,"valueName":"search_term_string"}}],"inLanguage":"de"},{"@type":"Organization","@id":"https:\/\/ems-electronic.com\/#organization","name":"EMS Electronic Metering Systems s.r.l.","url":"https:\/\/ems-electronic.com\/","logo":{"@type":"ImageObject","inLanguage":"de","@id":"https:\/\/ems-electronic.com\/#\/schema\/logo\/image\/","url":"https:\/\/ems-electronic.com\/wp-content\/uploads\/2024\/06\/cropped-cropped-EMS_quadrat_web.jpg","contentUrl":"https:\/\/ems-electronic.com\/wp-content\/uploads\/2024\/06\/cropped-cropped-EMS_quadrat_web.jpg","width":512,"height":173,"caption":"EMS Electronic Metering Systems s.r.l."},"image":{"@id":"https:\/\/ems-electronic.com\/#\/schema\/logo\/image\/"}}]}},"jetpack_sharing_enabled":true,"_links":{"self":[{"href":"https:\/\/ems-electronic.com\/index.php?rest_route=\/wp\/v2\/pages\/385","targetHints":{"allow":["GET"]}}],"collection":[{"href":"https:\/\/ems-electronic.com\/index.php?rest_route=\/wp\/v2\/pages"}],"about":[{"href":"https:\/\/ems-electronic.com\/index.php?rest_route=\/wp\/v2\/types\/page"}],"author":[{"embeddable":true,"href":"https:\/\/ems-electronic.com\/index.php?rest_route=\/wp\/v2\/users\/1"}],"replies":[{"embeddable":true,"href":"https:\/\/ems-electronic.com\/index.php?rest_route=%2Fwp%2Fv2%2Fcomments&post=385"}],"version-history":[{"count":10,"href":"https:\/\/ems-electronic.com\/index.php?rest_route=\/wp\/v2\/pages\/385\/revisions"}],"predecessor-version":[{"id":1233,"href":"https:\/\/ems-electronic.com\/index.php?rest_route=\/wp\/v2\/pages\/385\/revisions\/1233"}],"wp:attachment":[{"href":"https:\/\/ems-electronic.com\/index.php?rest_route=%2Fwp%2Fv2%2Fmedia&parent=385"}],"curies":[{"name":"wp","href":"https:\/\/api.w.org\/{rel}","templated":true}]}}